ime factors of 534?
2, 3, 89
What are the prime factors of 23837?
11, 197
What are the prime factors of 6519?
3, 41, 53
What are the prime factors of 49212?
2, 3, 1367
List the prime factors of 5337.
3, 593
What are the prime factors of 1001?
7, 11, 13
List the prime factors of 797.
797
List the prime factors of 1452.
2, 3, 11
What are the prime factors of 809?
809
What are the prime factors of 1086?
2, 3, 181
What are the prime factors of 85544?
2, 17, 37
List the prime factors of 7248.
2, 3, 151
What are the prime factors of 35522?
2, 17761
What are the prime factors of 11185?
5, 2237
What are the prime factors of 2707?
2707
What are the prime factors of 28888?
2, 23, 157
List the prime factors of 21547.
29, 743
What are the prime factors of 1203?
3, 401
What are the prime factors of 4838?
2, 41, 59
What are the prime factors of 1185?
3, 5, 79
What are the prime factors of 2461?
23, 107
List the prime factors of 961.
31
List the prime factors of 4948.
2, 1237
What are the prime factors of 1132?
2, 283
What are the prime factors of 1181?
1181
What are the prime factors of 16885?
5, 11, 307
List the prime factors of 1422.
2, 3, 79
What are the prime factors of 109739?
7, 61, 257
What are the prime factors of 8603?
7, 1229
List the prime factors of 50820.
2, 3, 5, 7, 11
List the prime factors of 815.
5, 163
What are the prime factors of 13936?
2, 13, 67
What are the prime factors of 12699?
3, 17, 83
What are the prime factors of 3547?
3547
List the prime factors of 4942.
2, 7, 353
List the prime factors of 18825.
3, 5, 251
What are the prime factors of 133356?
2, 3, 11113
What are the prime factors of 44721?
3, 4969
What are the prime factors of 6003?
3, 23, 29
List the prime factors of 1578.
2, 3, 263
List the prime factors of 42571.
42571
List the prime factors of 864.
2, 3
What are the prime factors of 124?
2, 31
List the prime factors of 886.
2, 443
What are the prime factors of 3116?
2, 19, 41
What are the prime factors of 52660?
2, 5, 2633
List the prime factors of 17881.
17881
List the prime factors of 18243.
3, 2027
List the prime factors of 1837.
11, 167
List the prime factors of 289.
17
List the prime factors of 855.
3, 5, 19
List the prime factors of 3205.
5, 641
What are the prime factors of 4542?
2, 3, 757
What are the prime factors of 7693?
7, 157
List the prime factors of 5288.
2, 661
List the prime factors of 1208.
2, 151
What are the prime factors of 91506?
2, 3, 101, 151
What are the prime factors of 287?
7, 41
What are the prime factors of 3261?
3, 1087
List the prime factors of 3852.
2, 3, 107
List the prime factors of 56291.
181, 311
List the prime factors of 110841.
3, 36947
What are the prime factors of 9333?
3, 17, 61
What are the prime factors of 1884?
2, 3, 157
List the prime factors of 319.
11, 29
What are the prime factors of 474?
2, 3, 79
What are the prime factors of 4611?
3, 29, 53
List the prime factors of 3988.
2, 997
What are the prime factors of 416?
2, 13
List the prime factors of 10006.
2, 5003
What are the prime factors of 161389?
199, 811
What are the prime factors of 12021?
3, 4007
What are the prime factors of 26369?
7, 3767
What are the prime factors of 1117?
1117
What are the prime factors of 2237?
2237
What are the prime factors of 282?
2, 3, 47
List the prime factors of 11.
11
What are the prime factors of 696?
2, 3, 29
List the prime factors of 3796.
2, 13, 73
What are the prime factors of 3665?
5, 733
What are the prime factors of 2600?
2, 5, 13
What are the prime factors of 2394?
2, 3, 7, 19
List the prime factors of 606.
2, 3, 101
What are the prime factors of 2461?
23, 107
List the prime factors of 4474.
2, 2237
List the prime factors of 204.
2, 3, 17
List the prime factors of 10412.
2, 19, 137
What are the prime factors of 4376?
2, 547
What are the prime factors of 3578?
2, 1789
List the prime factors of 48763.
11, 13, 31
What are the prime factors of 28124?
2, 79, 89
List the prime factors of 2381.
2381
List the prime factors of 199.
199
List the prime factors of 20192.
2, 631
List the prime factors of 1309.
7, 11, 17
List the prime factors of 457.
457
What are the prime factors of 15475?
5, 619
List the prime factors of 1037.
17, 61
List the prime factors of 15646.
2, 7823
List the prime factors of 8461.
8461
What are the prime factors of 8753?
8753
What are the prime factors of 209?
11, 19
What are the prime factors of 3404?
2, 23, 37
What are the prime factors of 1563?
3, 521
What are the prime factors of 38418?
2, 3, 19, 337
What are the prime factors of 484?
2, 11
What are the prime factors of 8436?
2, 3, 19, 37
What are the prime factors of 19689?
3, 6563
List the prime factors of 4098.
2, 3, 683
List the prime factors of 80491.
80491
List the prime factors of 110120.
2, 5, 2753
What are the prime factors of 46385?
5, 9277
What are the prime factors of 17258?
2, 8629
List the prime factors of 26550.
2, 3, 5, 59
List the prime factors of 31619.
7, 4517
List the prime factors of 14073.
3, 4691
List the prime factors of 27034.
2, 7, 1931
List the prime factors of 333.
3, 37
List the prime factors of 128715.
3, 5, 8581
What are the prime factors of 2365?
5, 11, 43
What are the prime factors of 166689?
3, 18521
What are the prime factors of 43003?
43003
What are the prime factors of 20283?
3, 6761
What are the prime factors of 10113?
3, 3371
List the prime factors of 18534.
2, 3, 3089
List the prime factors of 774.
2, 3, 43
What are the prime factors of 708?
2, 3, 59
List the prime factors of 6636.
2, 3, 7, 79
What are the prime factors of 41418?
2, 3, 13, 59
What are the prime factors of 30482?
2, 15241
What are the prime factors of 179575?
5, 11, 653
What are the prime factors of 594?
2, 3, 11
List the prime factors of 916.
2, 229
What are the prime factors of 2496?
2, 3, 13
What are the prime factors of 36688?
2, 2293
What are the prime factors of 28274?
2, 67, 211
List the prime factors of 11020.
2, 5, 19, 29
What are the prime factors of 3865?
5, 773
What are the prime factors of 6384?
2, 3, 7, 19
What are the prime factors of 2063?
2063
List the prime factors of 5609.
71, 79
What are the prime factors of 2659?
2659
List the prime factors of 6508.
2, 1627
List the prime factors of 11557.
7, 13, 127
What are the prime factors of 3607?
3607
What are the prime factors of 7068?
2, 3, 19, 31
List the prime factors of 110035.
5, 59, 373
List the prime factors of 880.
2, 5, 11
List the prime factors of 5290.
2, 5, 23
List the prime factors of 6397.
6397
What are the prime factors of 2448?
2, 3, 17
What are the prime factors of 1890?
2, 3, 5, 7
List the prime factors of 5086.
2, 2543
List the prime factors of 1106.
2, 7, 79
List the prime factors of 4319.
7, 617
What are the prime factors of 7371?
3, 7, 13
List the prime factors of 17.
17
What are the prime factors of 2108?
2, 17, 31
List the prime factors of 1180.
2, 5, 59
List the prime factors of 19690.
2, 5, 11, 179
What are the prime factors of 8106?
2, 3, 7, 193
List the prime factors of 678.
2, 3, 113
What are the prime factors of 2743?
13, 211
List the prime factors of 127.
127
What are the prime factors of 13138?
2, 6569
List the prime factors of 3985.
5, 797
What are the prime factors of 766?
2, 383
List the prime factors of 397.
397
List the prime factors of 950.
2, 5, 19
List the prime factors of 3489.
3, 1163
What are the prime factors of 691?
691
What are the prime factors of 3022?
2, 1511
List the prime factors of 492.
2, 3, 41
What are the prime factors of 1811?
1811
List the prime factors of 2578.
2, 1289
What are the prime factors of 80001?
3, 2963
List the prime factors of 8554.
2, 7, 13, 47
List the prime factors of 12580.
2, 5, 17, 37
What are the prime factors of 1620?
2, 3, 5
List the prime factors of 86663.
79, 1097
List the prime factors of 2194.
2, 1097
What are the prime factors of 51345?
3, 5, 7, 163
What are the prime factors of 28863?
3, 1069
List the prime factors of 7313.
71, 103
List the prime factors of 33047.
7, 4721
List the prime factors of 2161.
2161
List the prime factors of 2194.
2, 1097
List the prime factors of 10069.
10069
List the prime factors of 118.
2, 59
What are the prime factors of 21195?
3, 5, 157
List the prime factors of 355.
5, 71
List the prime factors of 156.
2, 3, 13
List the prime fa